8 a factor of 5016951?
False
Is 351005192 a multiple of 56?
False
Does 601 divide 42323622?
True
Does 32 divide 842067379?
False
Does 435 divide 228387114?
False
Is 114 a factor of 106770734?
False
Does 2214 divide 1519611517?
False
Does 1574 divide 219188944?
True
Is 582671172 a multiple of 25?
False
Does 90 divide 63635398?
False
Is 3030 a factor of 10832652?
False
Is 19 a factor of 49092369?
False
Is 12 a factor of 62755596?
True
Is 15 a factor of 1189155?
True
Is 6644781 a multiple of 30?
False
Is 97 a factor of 9936142?
False
Is 497670 a multiple of 6?
True
Is 3 a factor of 8358705?
True
Is 40 a factor of 10277760?
True
Is 367408418 a multiple of 3902?
True
Is 520099045 a multiple of 4006?
False
Is 259 a factor of 26135949?
True
Is 118 a factor of 5857492270?
True
Is 216604639 a multiple of 4509?
False
Is 5 a factor of 77860760?
True
Does 2 divide 2675465?
False
Is 2037 a factor of 268250493?
True
Is 805878121 a multiple of 13?
False
Does 28 divide 212844102?
False
Is 4 a factor of 5018926?
False
Is 58463459 a multiple of 109?
False
Does 52 divide 81196838?
False
Does 14 divide 36249136?
True
Does 44 divide 37549512?
True
Is 10 a factor of 170945232?
False
Is 3801 a factor of 858653502?
True
Is 2822 a factor of 111852792?
True
Does 27 divide 26085922?
False
Is 19988879 a multiple of 3989?
True
Is 31 a factor of 877417893?
True
Is 43 a factor of 166516167?
True
Is 69512438 a multiple of 135?
False
Does 384 divide 27352704?
True
Is 4 a factor of 630999377?
False
Does 605 divide 38640745?
True
Is 69285314 a multiple of 14?
True
Does 78 divide 1323598536?
True
Is 7 a factor of 317058?
True
Is 2256415772 a multiple of 546?
False
Is 55 a factor of 84436855?
False
Is 25542858 a multiple of 40?
False
Is 842751352 a multiple of 3830?
False
Is 23 a factor of 133121362?
False
Does 8 divide 5267576?
True
Does 127 divide 57229072?
False
Is 63 a factor of 579586329?
True
Does 811 divide 9752275?
True
Is 4820 a factor of 324057102?
False
Is 223190130 a multiple of 30?
True
Is 122 a factor of 352838640?
True
Does 120 divide 32139960?
True
Is 15 a factor of 1104901485?
True
Is 117 a factor of 71576739?
True
Is 139099889 a multiple of 42?
False
Is 51179226 a multiple of 312?
False
Does 1030 divide 1105443013?
False
Is 10 a factor of 75606295?
False
Is 841 a factor of 16460893?
True
Is 50 a factor of 21489000?
True
Is 867 a factor of 7305883?
False
Does 359 divide 3751550?
True
Does 2442 divide 92502960?
True
Is 1048398700 a multiple of 1549?
False
Does 7883 divide 757840088?
True
Is 2151 a factor of 1526822820?
True
Is 20 a factor of 103040680?
True
Does 4 divide 149858436?
True
Does 15 divide 950121555?
True
Does 22 divide 3023317594?
True
Is 5 a factor of 1516403340?
True
Is 977577066 a multiple of 783?
True
Is 7434720 a multiple of 9?
True
Is 564 a factor of 1296862164?
True
Is 17688093 a multiple of 36?
False
Does 105 divide 129030615?
True
Is 1901 a factor of 89760382?
False
Does 72 divide 30371935?
False
Does 67 divide 297279?
True
Is 492 a factor of 1891682635?
False
Does 3708 divide 4741812648?
True
Is 119 a factor of 184862425?
False
Does 118 divide 35872282?
False
Does 36 divide 542878096?
False
Does 152 divide 1154306088?
True
Is 51941988 a multiple of 14?
True
Is 166529352 a multiple of 22?
True
Does 6 divide 27170094?
True
Is 420844732 a multiple of 11?
True
Is 820 a factor of 83791700?
True
Is 25 a factor of 326877146?
False
Is 185 a factor of 2131501?
False
Is 2600496978 a multiple of 1374?
True
Is 35 a factor of 6972329?
False
Does 1513 divide 458723444?
True
Is 23098118 a multiple of 819?
False
Does 231 divide 2567431020?
True
Is 20001492 a multiple of 11?
False
Is 157347885 a multiple of 159?
False
Does 12 divide 1072362630?
False
Is 247870895 a multiple of 4146?
False
Is 839 a factor of 11346636?
True
Is 103254264 a multiple of 24?
True
Does 143 divide 361179159?
False
Is 2 a factor of 579172?
True
Is 77 a factor of 136796021?
False
Is 24 a factor of 237755160?
True
Does 2580 divide 100784410?
False
Is 31995783 a multiple of 1489?
False
Is 3 a factor of 12377558?
False
Does 228 divide 16722755?
False
Does 440 divide 206382440?
True
Does 611 divide 55552120?
True
Is 6488227211 a multiple of 13151?
False
Does 46 divide 84216984?
True
Does 197 divide 332427?
False
Is 77611497 a multiple of 36?
False
Is 1102682703 a multiple of 8007?
False
Does 685 divide 433374977?
False
Does 16 divide 233591542?
False
Is 38 a factor of 20784518?
True
Is 812 a factor of 1104857544?
True
Is 460 a factor of 637071952?
False
Is 63664580 a multiple of 2443?
True
Does 11 divide 6737898?
False
Is 85 a factor of 169543040?
True
Is 267684780 a multiple of 1195?
True
Is 60 a factor of 80746616?
False
Is 1599 a factor of 204545693?
False
Is 28 a factor of 18175836?
True
Is 4263 a factor of 827507982?
True
Does 1582 divide 156606926?
True
Is 114375679 a multiple of 23?
False
Is 123111984 a multiple of 43?
False
Is 2544 a factor of 284169888?
True
Is 14377366 a multiple of 845?
False
Is 208 a factor of 66009185?
False
Is 3547032 a multiple of 24?
True
Does 31 divide 652433640?
False
Is 399312900 a multiple of 42?
True
Is 246607432 a multiple of 657?
False
Is 36429800 a multiple of 290?
True
Is 902 a factor of 7638136?
True
Is 227180472 a multiple of 388?
False
Is 9 a factor of 222598?
False
Does 13 divide 85574235?
False
Is 6671657 a multiple of 334?
False
Does 1734 divide 1453234843?
False
Is 2819 a factor of 51280429?
True
Does 732 divide 107673540?
True
Is 528105151 a multiple of 354?
False
Does 42 divide 24625446?
False
Does 66 divide 91848900?
True
Does 9 divide 2283107752?
False
Is 353 a factor of 2549719?
True
Is 3225 a factor of 159698685?
False
Is 135367086 a multiple of 468?
False
Is 22791925 a multiple of 103?
False
Is 318568710 a multiple of 68?
False
Does 36 divide 27015769?
False
Does 27 divide 1600515?
False
Is 54328813 a multiple of 2396?
False
Is 11369215 a multiple of 715?
True
Does 10 divide 1335430?
True
Is 19 a factor of 148485799?
False
Is 68 a factor of 37261593?
False
Is 545372380 a multiple of 64?
False
Is 32912761 a multiple of 273?
False
Is 261 a factor of 14223656?
False
Does 340 divide 528627093?
False
Is 959 a factor of 597905812?
True
Is 1745289040 a multiple of 10?
True
Does 116 divide 103092266?
False
Does 209 divide 706413939?
True
Does 2645 divide 87845740?
True
Is 1792 a factor of 27863808?
True
Is 457 a factor of 13917094?
False
Is 760579040 a multiple of 80?
True
Is 16594180 a multiple of 191?
False
Is 132803080 a multiple of 3?
False
Is 9 a factor of 389514222?
True
Does 5 divide 296237210?
True
Does 9 divide 9474030?
True
Does 3701 divide 834305327?
True
Is 4447608 a multiple of 17?
True
Does 2768 divide 3997869603?
False
Does 76 divide 2039450302?
False
Does 7 divide 161344057?
True
Does 16 divide 1846536702?
False
Is 31244013 a multiple of 35?
False
Is 83708027 a multiple of 2543?
False
Does 1138 divide 1801378631?
False
Is 2933414 a multiple of 22?
True
Is 1331546007 a multiple of 1023?
True
Is 30609452 a multiple of 58?
False
Does 119 divide 53562938?
False
Is 131 a factor of 109252166?
True
Does 9903 divide 2102036981?
False
Is 7720612 a multiple of 62?
True
Does 319 divide 73570684?
False
Is 836 a factor of 13950641?
False
Does 110 divide 506585200?
True
Is 530623417 a multiple of 92?
False
Is 331592054 a multiple of 28?
False
Is 87277830 a multiple of 1029?
False
Does 5 divide 852840622?
False
Is 73837199 a multiple of 107?
False
Is 24401299 a multiple of 15944?
False
Does 1767 divide 26374242?
True
Is 8 a factor of 128962296?
True
Does 644 divide 1012705406?
False
Does 46 divide 385980388?
True
Is 196376502 a multiple of 14?
True
Is 42559993 a multiple of 81?
False
Is 624 a factor of 313410038?
False
Does 6 divide 6339798?
True
Is 11 a factor of 253120043?
True
Does 1716 divide 30994392?
True
Is 3113 a factor of 1844424483?
True
Does 765 divide 76653000?
True
Is 18 a factor of 80321832?
True
Is 137451408 a multiple of 876?
True
Is 22106635 a multiple of 83?
True
Is 125 a factor of 8650125?
True
Is 2 a factor of 13789923?
False
Is 1895 a factor of 121928090?
True
Is 1633417756 a multiple of 80?
False
Does 534 divide 1051980?
True
Is 279 a factor of 16769295?
True
Is 58669688 a multiple of 82?
True
Is 13 a factor of 11